
-29
Let w(u) = u**3 + 23*u**2 - 19*u + 69. Calculate w(-24).
-51
Let t(f) = -122*f + 1957. Calculate t(16).
5
Let a(g) = -4095*g - 69623. Determine a(-17).
-8
Let p(g) = g**3 - g**2 + 2*g + 138. Give p(0).
138
Let d(v) = 66*v - 30. Calculate d(1).
36
Let n(m) = -4*m**3 + 2*m**2 - 25*m + 50. Calculate n(3).
-115
Let t(d) = 2*d**2 - 110*d - 468. Calculate t(-4).
4
Let g(v) = 34*v**2 + 155*v + 4. Calculate g(-5).
79
Let y(p) = -2*p**2 - 91*p - 763. What is y(-9)?
-106
Let r(f) = -f**3 + 16*f**2 + 4*f - 136. Give r(16).
-72
Let j(k) = 2*k**2 - 13*k - 40. What is j(8)?
-16
Let y(a) = 22*a - 555. Calculate y(25).
-5
Let q(x) = 4*x**3 + 178*x**2 + 90*x + 14. Determine q(-44).
-74
Let d(u) = 2*u**2 + 21*u - 289. Calculate d(8).
7
Let s(k) = 30*k + 58. What is s(-3)?
-32
Let c(w) = -90*w**2 + 92*w - 17. What is c(1)?
-15
Let r(u) = u**3 - 49*u**2 - 10*u + 418. Calculate r(49).
-72
Let o(t) = -44*t - 1030. Determine o(-23).
-18
Let x(n) = -157*n - 5525. Calculate x(-35).
-30
Let f(c) = -c**2 + 82*c + 798. Calculate f(-9).
-21
Let x(c) = -793*c - 15856. Calculate x(-20).
4
Let o(h) = h**2 - 76*h - 924. What is o(-11)?
33
Let t(p) = -131*p + 64. Determine t(4).
-460
Let o(t) = -578*t - 571. Calculate o(-1).
7
Let o(h) = -h**3 + h**2 - 2*h. What is o(5)?
-110
Let h(n) = -2*n**2 - 205*n + 7625. Determine h(29).
-2
Let a(m) = 4*m**2 + 137*m + 707. Calculate a(-28).
7
Let v(t) = -532*t - 1601. What is v(-3)?
-5
Let a(v) = -2*v**2 - 51*v - 11. What is a(-27)?
-92
Let k(r) = 3*r**2 - 52*r + 49. Calculate k(18).
85
Let f(a) = 16*a - 205. Determine f(11).
-29
Let b(r) = r**3 + 3*r**2 - 66*r - 235. What is b(-4)?
13
Let j(c) = c**2 + 398*c - 5347. Give j(13).
-4
Let h(p) = -p**2 + 28*p + 108. Calculate h(32).
-20
Let c(q) = 2*q**3 - 106*q**2 - 230*q + 563. Calculate c(55).
13
Let w(x) = 200*x - 1205. Calculate w(6).
-5
Let c(q) = -4*q + 264. Give c(-12).
312
Let u(w) = -w**2 + 64*w - 779. Determine u(39).
196
Let j(n) = -7*n**3 + n**2 + 2*n - 4. What is j(2)?
-52
Let j(i) = -i**3 - 19*i**2 + 17*i - 63. Give j(-20).
-3
Let g(j) = 810*j - 903. Determine g(1).
-93
Let l(b) = 113*b + 1811. Calculate l(-16).
3
Let c(t) = -47*t**2 - 417*t + 56. Give c(-9).
2
Let k(j) = j**2 - 35*j - 1288. Calculate k(-22).
-34
Let w(m) = -2862*m - 42921. Calculate w(-15).
9
Let o(n) = 2*n**3 - 56*n**2 - 21*n + 594. Calculate o(28).
6
Let x(q) = 17*q**3 - 3*q**2 + 27*q + 31. Give x(-1).
-16
Let d(g) = g**3 - 14*g**2 - 60*g - 217. Give d(18).
-1
Let g(s) = -s**2 + 122*s + 3665. Calculate g(-25).
-10
Let c(j) = -497*j - 1055. Calculate c(-3).
436
Let t(b) = -b**2 + 64*b - 739. Determine t(20).
141
Let o(d) = -d**2 + 15*d + 205. Determine o(24).
-11
Let t(u) = -u**2 - 13*u - 52. What is t(-8)?
-12
Let d(c) = 3*c**3 + 92*c**2 - 32*c - 51. Calculate d(-31).
-20
Let t(c) = -2*c**3 - 32*c**2 + 8*c + 136. What is t(-16)?
8
Let b(l) = 2*l**2 - 396*l + 1177. Give b(3).
7
Let w(q) = 4*q + 223. What is w(-25)?
123
Let c(b) = 2*b**3 - 48*b**2 - 51*b + 35. Calculate c(25).
10
Let n(x) = 58*x - 456. Determine n(8).
8
Let f(b) = b**3 + b**2 - 10*b - 12. Give f(-6).
-132
Let l(u) = -u**3 + 18*u**2 + 11*u + 23. What is l(8)?
751
Let h(u) = u**3 + 12*u**2 - 19*u - 59. What is h(-12)?
169
Let h(f) = -f**3 - 13*f**2 - 26*f - 55. Determine h(-6).
-151
Let k(g) = g**3 + 8*g**2 + 6*g + 256. What is k(-10)?
-4
Let w(i) = -40*i + 848. What is w(22)?
-32
Let p(b) = -87*b + 20377. Determine p(234).
19
Let r(h) = -h**3 - 52*h**2 + 475*h - 295. Determine r(-60).
5
Let b(o) = -22*o + 2340. Determine b(106).
8
Let x(u) = 69*u + 5570. Calculate x(-82).
-88
Let k(b) = -61*b + 1158. Give k(19).
-1
Let j(l) = 53*l - 36. Determine j(5).
229
Let l(n) = n**2 - 9*n - 64. Give l(13).
-12
Let f(c) = c**3 - 93*c**2 + 356*c + 5. What is f(4)?
5
Let k(j) = 18*j - 556. What is k(24)?
-124
Let f(i) = -2369*i**2 - 47379*i + 20. Determine f(-20).
0
Let q(g) = 2*g**2 + 130*g - 1331. Give q(9).
1
Let i(g) = 3*g**2 + 62*g + 416. Determine i(-7).
129
Let d(r) = 7*r**2 + 10*r + 1. Give d(-4).
73
Let c(z) = -z**3 - 9*z**2 - 31*z - 27. What is c(-8)?
157
Let l(m) = -m**2 - 21*m + 160. Determine l(-27).
-2
Let i(o) = 14*o + 140. Calculate i(-23).
-182
Let k(h) = 1127*h - 7804. Calculate k(7).
85
Let t(r) = 155*r + 1710. Give t(-11).
5
Let x(v) = -1876*v - 3689. What is x(-2)?
63
Let c(l) = 2*l**2 + 193*l + 1807. Give c(-86).
1
Let f(j) = -2*j**3 + 12*j**2 + 12*j + 20. Calculate f(7).
6
Let w(m) = -m**3 + 25*m**2 - 93*m + 2325. Calculate w(25).
0
Let h(p) = -57*p - 237. Determine h(-5).
48
Let p(z) = z**2 + 548*z - 548. Calculate p(1).
1
Let x(o) = 7*o**2 - 97*o + 25. Determine x(16).
265
Let r(p) = -894*p + 4276. Determine r(5).
-194
Let t(n) = 3*n**3 + 26*n**2 + 21*n - 13. Give t(-9).
-283
Let b(q) = q**3 + 16*q**2 - 63*q - 5. Give b(4).
63
Let q(l) = -l**3 + 23*l**2 - 47*l + 22. What is q(21)?
-83
Let u(h) = h**2 + 162*h - 12170. Give u(56).
38
Let d(v) = -330*v**3 - 8*v**2 - 8*v - 1. Calculate d(-1).
329
Let o(q) = -q**3 + 24*q**2 - 32*q + 208. Give o(23).
1
Let o(b) = 6*b**2 - 79*b + 210. Determine o(3).
27
Let r(u) = 3*u**2 + 567*u + 16854. Determine r(-37).
-18
Let o(n) = -n**2 + 1193*n - 5944. What is o(5)?
-4
Let z(v) = 85*v + 3313. Give z(-38).
83
Let u(i) = -12*i + 113. Determine u(11).
-19
Let o(h) = -h**3 + 6*h**2 - 43*h + 98. Calculate o(3).
-4
Let f(j) = -182*j + 2599. What is f(15)?
-131
Let t(y) = -2*y**2 + 46*y - 41. What is t(25)?
-141
Let l(n) = 9*n**2 + 300*n - 613. Give l(2).
23
Let l(x) = -100*x**2 + 280*x + 67. Give l(3).
7
Let m(g) = 3*g - 11. Give m(36).
97
Let d(h) = -613*h - 8581. Determine d(-14).
1
Let x(a) = a**2 + 72*a - 2075. Give x(22).
-7
Let d(v) = 21*v**3 + 3*v**2 - 78*v - 245. What is d(-3)?
-551
Let c(m) = -m**3 - 60*m**2 + 397*m + 85. What is c(-66)?
19
Let g(k) = -468*k - 473. Calculate g(-1).
-5
Let c(h) = -h**3 + 105*h**2 + 1025*h + 66. Give c(114).
-48
Let y(a) = a**3 - 6*a**2 + 10*a - 33. Calculate y(5).
-8
Let u(p) = 5*p - 20. Determine u(4).
0
Let r(g) = 3*g**2 - 485*g + 18268. Give r(102).
10
Let q(v) = v**2 + 82*v + 1077. Give q(-19).
-120
Let q(j) = -3*j**2 + 57*j + 58. Determine q(-1).
-2
Let v(i) = -243*i - 246. Give v(-1).
-3
Let j(g) = -22*g**3 - g**2 - g - 1. Give j(1).
-25
Let p(f) = f**3 - 8*f**2 + 36*f - 197. Give p(7).
6
Let m(c) = -c**3 + 45*c + 85. What is m(-2)?
3
Let u(s) = -s + 2. Calculate u(-6).
8
Let i(n) = -3*n**3 + 325*n**2 + 254*n - 3927. Give i(109).
-3
Let v(n) = 54*n - 204. Give v(5).
66
Let g(h) = 9*h + 735. Determine g(-84).
-21
Let g(o) = -o**3 - 13*o**2 + 66*o - 28. Give g(3).
26
Let y(l) = l**2 - 549*l - 3888. What is y(-7)?
4
Let r(i) = -292*i - 2. What is r(0)?
-2
Let l(k) = -2*k**2 + 134*k - 295. Give l(65).
-35
Let t(w) = 8*w - 1095. What is t(31)?
-847
Let s(m) = -m**3 + 14*m**2 + 17*m + 984. Determine s(18).
-6
Let k(u) = 23*u - 362. Determine k(15).
-17
Let s(m) = 39*m**2 + 776*m - 85. Give s(-20).
-5
Let v(o) = 25*o**2 + 16*o - 41. Calculate v(4).
423
Let v(o) = -3*o**3 - 6*o**2 + 5*o + 13. Give v(3).
-107
Let v(x) = 2*x**2 - 68*x - 276. What is v(37)?
-54
Let u(a) = -3*a**2 + 75*a - 350. What is u(5)?
-50
Let l(b) = -24*b**3 + 240*b**2 + 23*b - 25. Give l(10).
205
Let s(i) = -i**3 - 24*i**2 + 14*i + 303. Give s(-24).
-33
Let o(t) = -17*t - 75. What is o(-9)?
78
Let o(d) = 4*d**2 + 45*d + 40. Calculate o(-1).
-1
Let y(x) = 30*x**2 + 31*x - 75. What is y(3)?
288
Let q(p) = -7*p**2 + 18*p + 128. What is q(-4)?
-56
Let i(r) = -r**3 - 71*r**2 - 136*r + 54. What is i(-69)?
-84
Let y(d) = 14*d - 849. Give y(62).
19
Let y(v) = -14093*v + 42278. Give y(3).
-1
Let d(u) = -u**3 - 12*u**2 + 53*u + 550. Calculate d(-8).
-130
Let u(v) = 5*v**2 + 43*v + 36. Give u(-8).
12
Let t(j) = -2*j**2 + 346*j - 2003. Give t(6).
1
Let n(i) = 24*i**2 - 682*i - 52. Calculate n(28).
-332
Let b(h) = -111*h**2 + 28*h + 57. Give b(-2).
-443
Let b(z) = -z**2 + 7*z + 1436. Give b(-32).
188
Let h(p) = -9*p**2 - 145*p - 46. What is h(-18)?
-352
Let o(d) = 1067*d - 8523. Give o(8).
13
Let n(x) = 7303*x + 51100. Determine n(-7).
-21
Let g(d) = -d**2 + 42*d - 123. Give g(39).
-6
Let y(i) = i**2 + i - 398. Determine y(19).
-18
Let r(c) = c**2 - 33*c + 94. Determine r(3).
4
Let g(t) = 311*t**2 + t - 24. Determine g(-2).
1218
Let h(l) = 21*l**2 + 20*l + 13. Give h(-3).
142
Let n(r) = -23*r + 176